reatest common factor of 91 and 95333?
7
What is the highest common factor of 70 and 393722?
14
What is the highest common divisor of 633 and 5850608?
211
What is the greatest common factor of 8130 and 570?
30
What is the greatest common factor of 369 and 3755313?
369
Calculate the greatest common factor of 34 and 21165.
17
Calculate the highest common divisor of 5639232 and 138.
138
Calculate the greatest common divisor of 473499 and 54.
27
Calculate the highest common factor of 117919 and 37.
37
Calculate the greatest common divisor of 181492 and 12716.
1156
What is the greatest common factor of 46827 and 1782?
99
Calculate the highest common divisor of 159409 and 17.
17
Calculate the highest common divisor of 6331 and 3796.
13
What is the highest common factor of 986006 and 14?
14
What is the highest common factor of 1794 and 322?
46
Calculate the greatest common divisor of 5388 and 984.
12
Calculate the greatest common divisor of 5409 and 9.
9
What is the highest common divisor of 101 and 431270?
101
What is the highest common divisor of 325 and 31575?
25
What is the greatest common factor of 353579 and 1081?
23
Calculate the greatest common divisor of 3657 and 361884.
159
Calculate the greatest common divisor of 394 and 1652633.
197
Calculate the greatest common divisor of 6495 and 6.
3
Calculate the highest common factor of 11671484 and 44.
44
Calculate the greatest common divisor of 5174 and 208.
26
What is the greatest common divisor of 170 and 340?
170
Calculate the greatest common divisor of 314 and 937761.
157
What is the greatest common factor of 399 and 64771?
133
What is the highest common divisor of 2581 and 7279?
29
What is the greatest common divisor of 92953 and 271?
271
Calculate the greatest common factor of 72 and 32088.
24
Calculate the highest common divisor of 106 and 2116873.
53
Calculate the greatest common divisor of 2898 and 34202.
14
Calculate the greatest common divisor of 17 and 65909.
17
Calculate the greatest common divisor of 86609 and 514.
257
Calculate the highest common divisor of 30661 and 31.
1
Calculate the greatest common factor of 888 and 1602.
6
What is the greatest common factor of 8426 and 682?
22
What is the highest common factor of 74685 and 585?
195
Calculate the highest common divisor of 57 and 7515.
3
Calculate the greatest common divisor of 9 and 587.
1
What is the highest common factor of 4947 and 99195?
51
Calculate the highest common divisor of 23 and 455078.
23
Calculate the greatest common factor of 152 and 20269352.
152
Calculate the highest common divisor of 978 and 168.
6
Calculate the highest common divisor of 2709 and 3.
3
Calculate the greatest common factor of 10622 and 339.
113
Calculate the highest common factor of 54 and 94914.
18
Calculate the highest common divisor of 841339 and 19.
19
Calculate the greatest common factor of 15655 and 465.
155
Calculate the highest common factor of 2360 and 13.
1
What is the greatest common factor of 402 and 24636?
6
Calculate the greatest common divisor of 168 and 247992.
24
What is the highest common factor of 12677 and 707?
7
Calculate the greatest common factor of 22 and 12568.
2
Calculate the highest common factor of 217 and 89497.
31
Calculate the greatest common factor of 310145 and 165.
55
Calculate the highest common divisor of 64245 and 105.
15
What is the greatest common divisor of 110655 and 18?
9
Calculate the highest common factor of 288 and 1932.
12
Calculate the greatest common factor of 47 and 5.
1
What is the greatest common factor of 2550 and 395550?
150
What is the highest common divisor of 1679 and 920?
23
What is the greatest common factor of 64 and 214976?
64
Calculate the greatest common divisor of 91 and 1025479.
91
What is the greatest common divisor of 3486 and 10956?
498
Calculate the highest common divisor of 77770 and 187.
11
Calculate the greatest common factor of 28314 and 585.
117
What is the greatest common factor of 784656 and 576?
144
What is the greatest common divisor of 328 and 1101588?
164
What is the greatest common divisor of 37815 and 105?
15
Calculate the greatest common factor of 13724 and 3796.
292
Calculate the highest common factor of 76 and 1036.
4
What is the highest common factor of 4411 and 593881?
401
Calculate the greatest common factor of 27085 and 35.
5
Calculate the highest common divisor of 1940 and 135.
5
What is the highest common divisor of 17 and 9979?
17
Calculate the highest common divisor of 48 and 483444.
12
Calculate the greatest common factor of 34510 and 5474.
238
What is the highest common divisor of 44 and 6006?
22
Calculate the highest common divisor of 1900 and 8650.
50
What is the greatest common divisor of 265 and 17013?
53
What is the highest common divisor of 4543 and 4312?
77
Calculate the greatest common factor of 38634 and 1551.
141
Calculate the greatest common factor of 29222 and 418.
38
Calculate the highest common factor of 522 and 32654.
58
Calculate the greatest common factor of 1432 and 52447.
179
What is the highest common factor of 93093 and 5434?
143
Calculate the greatest common factor of 530110 and 602.
14
What is the highest common divisor of 923 and 920231?
923
Calculate the highest common factor of 16402 and 295.
59
What is the highest common factor of 540 and 10908?
108
Calculate the highest common factor of 222 and 18384.
6
What is the greatest common factor of 260 and 827060?
260
Calculate the highest common divisor of 597732 and 108.
12
Calculate the greatest common factor of 810 and 24462.
162
Calculate the highest common divisor of 35796 and 30894.
114
Calculate the greatest common factor of 1328 and 2407.
83
Calculate the highest common factor of 7 and 614257.
7
Calculate the greatest common factor of 286 and 35684.
22
What is the greatest common factor of 768 and 2712?
24
Calculate the greatest common divisor of 740 and 37.
37
What is the greatest common factor of 492271 and 52?
13
What is the highest common factor of 53438 and 616?
154
What is the greatest common factor of 511 and 11023?
73
What is the greatest common divisor of 16261 and 69?
23
What is the highest common divisor of 42400 and 13600?
800
What is the highest common factor of 365 and 1355?
5
Calculate the greatest common factor of 6 and 10309560.
6
Calculate the highest common divisor of 6024 and 24.
24
What is the greatest common divisor of 455 and 4235?
35
What is the greatest common factor of 177819 and 24?
3
Calculate the greatest common factor of 16102 and 2573.
83
Calculate the highest common factor of 451011 and 15.
3
Calculate the greatest common factor of 6118848 and 48.
48
What is the greatest common divisor of 7348 and 286?
22
What is the greatest common divisor of 30 and 246?
6
What is the highest common factor of 531 and 10856?
59
What is the highest common factor of 1273 and 11859?
67
What is the highest common divisor of 2419 and 1357?
59
What is the highest common factor of 310 and 117118?
62
What is the greatest common factor of 79 and 17617?
79
Calculate the highest common divisor of 90280 and 915.
305
What is the greatest common divisor of 368 and 40688?
16
Calculate the highest common divisor of 439200 and 1020.
60
Calculate the greatest common divisor of 1099 and 43456.
7
Calculate the highest common divisor of 1511016 and 6.
6
Calculate the highest common factor of 498210 and 550.
10
What is the highest common divisor of 1114291 and 211?
211
What is the highest common factor of 418 and 242?
22
What is the highest common divisor of 1806 and 156198?
42
What is the greatest common divisor of 330 and 48290?
110
What is the greatest common factor of 25272 and 1144?
104
What is the greatest common divisor of 9270 and 2678?
206
Calculate the highest common divisor of 27 and 128448.
9
Calculate the highest common factor of 16 and 751.
1
What is the highest common factor of 4005 and 495?
45
What is the greatest common divisor of 100 and 1825?
25
Calculate the greatest common factor of 395 and 570.
5
What is the highest common divisor of 53 and 830?
1
What is the greatest common divisor of 179824 and 16?
16
What is the highest common factor of 117565 and 385?
35
Calculate the highest common divisor of 437 and 6517.
19
What is the highest common factor of 706616